) = l**3 + 17*l**2 + 40*l - 11. Determine v(-15).
-161
Let y(w) = 82*w**2 - 9759*w + 108. Determine y(119).
-11
Let a(g) = 3403*g - 163353. Give a(48).
-9
Let h(c) = c**3 - 96*c**2 - 199*c + 100. What is h(98)?
-194
Let s(q) = 77*q - 2392. What is s(30)?
-82
Let m(w) = 2*w**2 + 1311*w - 3951. What is m(3)?
0
Let j(w) = -w**3 + 42*w**2 + 48*w - 197. What is j(43)?
18
Let n(q) = -3*q**3 - 23*q**2 - 29*q + 18. What is n(-5)?
-37
Let o(s) = 109*s - 760. Calculate o(7).
3
Let v(a) = 148*a**2 - 1776*a + 17. Calculate v(12).
17
Let f(z) = -z**3 + 5*z**2 + 50*z - 7. What is f(10)?
-7
Let y(k) = -347*k**2 - 2066*k - 21. Calculate y(-6).
-117
Let x(m) = -11*m - 266. What is x(-17)?
-79
Let o(k) = -k**3 + 2*k**2 - 3*k + 14. Give o(3).
-4
Let w(j) = -77*j**3 - j**2 - 1. Give w(-1).
75
Let o(v) = -v**3 - 8*v**2 - 106*v - 897. Determine o(-9).
138
Let h(s) = -s**2 - 82*s - 1347. Calculate h(-60).
-27
Let q(o) = o**2 + 4*o - 141. Give q(11).
24
Let j(y) = -236*y - 3000. Give j(-13).
68
Let o(m) = m**3 + 6*m**2 + 76*m + 586. Give o(-7).
5
Let a(g) = -2*g**3 - 66*g**2 + 73*g + 168. Determine a(-34).
-2
Let h(o) = 22*o**3 - 7*o**2 - 9*o + 20. Give h(2).
150
Let t(m) = -10*m**2 + 35*m + 79. Calculate t(5).
4
Let h(r) = -3*r**2 - 76*r - 21. What is h(-25)?
4
Let t(p) = 17*p - 153. What is t(-64)?
-1241
Let o(k) = 6*k**3 - 22*k**2 + 28*k - 65. Determine o(3).
-17
Let b(f) = -27*f**3 + 623*f**2 - 48*f + 38. Give b(23).
-8
Let v(m) = m**3 + 3*m**2 - m - 6. Calculate v(2).
12
Let o(c) = 13*c - 1603. What is o(115)?
-108
Let z(p) = 2*p**2 - 87*p + 92. Determine z(39).
-259
Let i(l) = -90*l + 823. What is i(9)?
13
Let n(g) = -g**3 + 12*g**2 - 40*g + 11. What is n(9)?
-106
Let c(s) = s**2 - 241*s + 8969. Determine c(46).
-1
Let m(u) = -u**3 - 16*u**2 + 9*u + 81. Give m(-17).
217
Let w(n) = -280*n + 13157. Calculate w(47).
-3
Let i(h) = -h**3 + 23*h**2 - 86*h + 90. Give i(19).
-100
Let j(c) = 2*c**3 - 34*c**2 + 114*c - 163. What is j(13)?
-33
Let b(l) = -2*l**3 - 6*l**2 + 13*l + 10. Calculate b(3).
-59
Let b(t) = t**3 + 14*t**2 + 49*t + 192. Determine b(-11).
16
Let h(m) = m**3 - 5*m**2 - 84*m + 357. What is h(4)?
5
Let j(d) = -d**3 - 94*d**2 - 178*d + 548. Give j(-92).
-4
Let v(i) = -500*i - 23497. Give v(-47).
3
Let q(t) = t**2 + 17898*t + 53677. Calculate q(-3).
-8
Let a(l) = -47*l - 11. What is a(2)?
-105
Let w(v) = 12*v - 1. Determine w(-2).
-25
Let i(v) = 9*v**2 - 17*v + 61. Determine i(4).
137
Let c(w) = -1063*w - 6386. Give c(-6).
-8
Let c(l) = -l**3 - 27*l**2 + 60*l + 75. Calculate c(-29).
17
Let m(y) = -9*y**2 + 140*y - 37. What is m(16)?
-101
Let o(f) = -14*f**2 + 868*f + 48. What is o(62)?
48
Let p(c) = 6*c**3 - 4*c**2 - 5*c + 15. What is p(2)?
37
Let l(z) = 27*z - 218. Determine l(7).
-29
Let s(q) = -q**3 - 12*q**2 + 37*q - 107. Give s(-15).
13
Let w(u) = -u**2 - 288*u + 2364. Calculate w(8).
-4
Let c(k) = -k**2 - 221*k - 2503. Give c(-12).
5
Let k(h) = 92*h**3 + 37*h**2 - 39*h + 1. What is k(1)?
91
Let g(f) = 3*f**2 - 29*f - 16. Calculate g(0).
-16
Let s(h) = -3*h**3 - 2*h**2 - 16*h - 15. Determine s(-4).
209
Let k(m) = -2*m**2 + 12*m + 29. Determine k(7).
15
Let q(n) = 4733*n - 14248. What is q(3)?
-49
Let p(t) = -55*t - 712. Give p(-18).
278
Let w(z) = -6*z**3 + 4*z**2 - 39*z + 38. Determine w(1).
-3
Let u(m) = -2*m**2 + 50*m - 24. Determine u(25).
-24
Let b(c) = c**3 + 19*c**2 - 17*c + 71. Determine b(-20).
11
Let j(i) = -i**2 - 57*i - 816. Determine j(-26).
-10
Let s(i) = -88*i + 7. Give s(-2).
183
Let l(p) = -2*p**3 + 147*p**2 + 73*p + 65. Determine l(74).
-9
Let p(f) = f**2 + 41*f + 14. Determine p(-40).
-26
Let r(u) = -81*u**2 + 3157*u + 84. Determine r(39).
6
Let d(l) = 2*l**2 - 3*l - 159. Give d(10).
11
Let o(p) = -2*p**3 + 9*p**2 - 21*p + 19. Determine o(5).
-111
Let m(n) = 163*n + 2277. Calculate m(-14).
-5
Let g(l) = -l**2 + 21*l - 94. Give g(15).
-4
Let i(k) = 109*k + 1440. Calculate i(-12).
132
Let y(x) = -45*x**2 + 10*x + 43. Calculate y(-1).
-12
Let v(y) = -y**3 + 25*y**2 + 52*y + 56. Determine v(27).
2
Let l(r) = -363*r + 4359. Calculate l(12).
3
Let o(n) = n**3 + 102*n**2 + 299*n + 195. Determine o(-99).
-3
Let z(v) = -3*v**3 + 40*v**2 - 50*v - 6. Determine z(12).
-30
Let j(w) = w**2 + 14*w - 20. Calculate j(2).
12
Let z(n) = n**3 + 13*n**2 - 19*n - 30. Calculate z(-13).
217
Let a(r) = 10*r + 15. Give a(-11).
-95
Let o(v) = -v**2 + 79*v - 363. Calculate o(5).
7
Let s(g) = -g**3 + 40*g**2 + 103*g + 68. Calculate s(43).
-1050
Let l(i) = 223*i + 24502. What is l(-110)?
-28
Let q(o) = -124*o - 562. Give q(-7).
306
Let r(z) = 2*z**3 + 32*z**2 - 40*z - 75. Determine r(-17).
27
Let v(w) = w**3 + 3*w**2 - 20*w - 11. What is v(-6)?
1
Let j(i) = 3*i**2 - 372*i - 4021. Give j(-10).
-1
Let z(r) = 33*r + 121. What is z(-4)?
-11
Let w(p) = 6*p**2 - 251*p - 1405. Determine w(-5).
0
Let d(t) = -t**3 + 25*t**2 + 37*t - 271. What is d(26)?
15
Let r(u) = u**3 - 367*u**2 + 7589*u + 27. Calculate r(22).
5
Let d(l) = -2*l**3 + 36*l**2 + 23*l - 458. What is d(18)?
-44
Let x(u) = -u**2 + 43*u - 291. Give x(35).
-11
Let z(i) = -i**3 - 9*i**2 - 32*i - 1. Determine z(-6).
83
Let d(m) = -3*m**3 + 137*m**2 + 45*m + 102. Calculate d(46).
56
Let x(d) = 65*d**2 + 906*d + 10. Determine x(-14).
66
Let t(i) = 2*i**3 - 5*i**2 - 8*i + 17. Calculate t(2).
-3
Let d(m) = -4*m**2 + 293*m - 1593. Calculate d(6).
21
Let m(k) = -2*k**3 - 31*k**2 + 14*k + 31. What is m(-13)?
-996
Let t(m) = -3*m**2 - 8*m + 16. Determine t(-6).
-44
Let b(v) = -9*v + 385. Give b(35).
70
Let n(a) = -a**2 - 425*a - 15745. Determine n(-41).
-1
Let f(n) = n**2 - 89*n - 22832. Give f(-113).
-6
Let g(a) = -a**2 + 32*a + 119. What is g(37)?
-66
Let y(m) = m**3 - 8*m + 3. Calculate y(-4).
-29
Let r(l) = 1370*l - 4158. What is r(3)?
-48
Let i(u) = 7*u**2 - 17*u + 44. What is i(3)?
56
Let l(q) = 231*q - 477. Give l(2).
-15
Let j(z) = z**3 - 7*z**2 - 22*z - 5. Give j(9).
-41
Let i(u) = -u**2 - 29*u + 31. What is i(1)?
1
Let t(b) = -21*b - 134. Calculate t(-5).
-29
Let h(d) = 62*d - 440. Determine h(6).
-68
Let o(h) = -1652*h - 61109. Calculate o(-37).
15
Let l(o) = 10*o - 119. Determine l(18).
61
Let d(x) = -221*x + 662. What is d(3)?
-1
Let u(l) = -300*l**3 + 10*l**2 - 4*l - 4. What is u(1)?
-298
Let k(g) = -g**3 + 23*g**2 - 123*g + 39. What is k(16)?
-137
Let h(s) = -s + 137. Determine h(23).
114
Let g(f) = -46*f - 294. Calculate g(-7).
28
Let r(z) = -z**3 - 11*z**2 + 51*z + 195. Determine r(-15).
330
Let h(j) = -7*j**3 + 11*j**2 + 15*j + 2. What is h(-2)?
72
Let f(l) = 1832*l - 32976. Calculate f(18).
0
Let j(t) = 16*t + 219. What is j(-14)?
-5
Let v(s) = -15*s**2 + 484*s + 350. What is v(33)?
-13
Let j(c) = c**2 + 81*c + 597. Determine j(-8).
13
Let f(s) = -s**2 + 257*s - 12966. Determine f(69).
6
Let v(j) = 6*j**2 + 28*j - 12. Calculate v(-5).
-2
Let r(d) = 2*d**3 - 76*d**2 + 76*d - 90. Give r(37).
-16
Let b(s) = 4*s - 644. Calculate b(20).
-564
Let u(t) = -t**3 + 84*t**2 + 106*t - 15694. What is u(83)?
-7
Let h(d) = -327*d + 27900. What is h(85)?
105
Let n(w) = -4*w**3 - 17*w**2 - 25*w - 5. Determine n(-4).
79
Let m(d) = 82*d**3 + 4*d**2 - 9*d + 6. Give m(1).
83
Let p(z) = z**2 - 78*z + 564. What is p(8)?
4
Let o(a) = a**3 - 6*a**2 - 111*a + 6. Determine o(-8).
-2
Let x(w) = w**3 - 11*w**2 - 42*w + 512. Calculate x(10).
-8
Let l(j) = 8997*j - 63044. Determine l(7).
-65
Let c(w) = 51*w - 443. Determine c(9).
16
Let o(x) = -x**3 + 10*x**2 + 3*x - 4. Give o(0).
-4
Let l(f) = -f**2 + 285*f - 12285. Determine l(53).
11
Let h(i) = -i**3 - 13*i**2 - 44*i - 1179. Give h(-15).
-69
Let g(w) = 19*w + 75. Calculate g(-5).
-20
Let r(i) = -352*i + 3531. Determine r(10).
11
Let c(g) = g**2 + 10*g - 5469. Determine c(69).
-18
Let k(f) = 65*f - 612. Determine k(11).
103
Let v(a) = -2*a**3 - 44*a**2 + 405*a + 3. Calculate v(7).
-4
Let r(l) = 13*l + 228. What is r(-20)?
-32
Let y(u) = 133*u - 143. Determine y(4).
389
Let l(d) = 42*d**2 + 343*d + 27. What is l(-8)?
-29
Let s(u) = 22*u**3 + 16*u**2 - u - 4. Determine s(-2).
-114
Let h(l) = -2358*l - 25945. What is h(-11)?
-7
Let b(y) = -181*y**2 - 3*y + 5. Determine b(1).
-179
Let h(b) = -3*b**2 - 21*b - 138. Calculate h(-9).
-192
Let q(k) = -k**3 - 30*k**2 + 213*k - 164. Calculate q(-36).
-56
Let l(o) = -30*o + 32. Calculate l(-1).
62
Let o(u) = 12*u**2 + 304*u + 897. Giv